et f be u(-2). Let r = -5 - f. What is the units digit of r?
5
Suppose 0 = -4*p + 2 + 6. Let y = p + 0. Let q = y - -2. What is the units digit of q?
4
What is the units digit of ((-160)/(-24) + -1 + 1)*3?
0
Let q = -91 + 247. What is the hundreds digit of q?
1
Suppose 0 = m - 0 + 7. Let r = m + 10. Suppose 0*b - r*b = -12. What is the units digit of b?
4
Let g(z) = 7*z**3 + z**2 - 4. What is the tens digit of g(2)?
5
Let g(k) = -2*k + k**2 + 2 - 4*k + 3. Let c be g(6). Suppose -4*o - 12 = j - c, 5*o = 5*j - 40. What is the units digit of j?
5
Suppose 0 = 6*n - 7*n + 8. Let h = 8 - n. Suppose -s = -11 - h. What is the units digit of s?
1
Let t be 1/(-2)*(-6 - 2). Let a(b) = 6*b + 1. What is the tens digit of a(t)?
2
Let x(j) = -j**3 - 9*j**2 + 3*j + 6. Let d be x(-10). Suppose -a + 3*a = d. What is the units digit of a?
8
What is the tens digit of (-3 - 0) + 0 - -53?
5
Suppose 0 = -5*b + b + 184. What is the units digit of b?
6
Let c = -5 - -5. What is the units digit of (-2 + c)/(1/(-4))?
8
Let w be 3/(1 + -2 + 2). Suppose 2 = -w*v - 1. What is the units digit of (0/v)/2 + 5?
5
Suppose 6*l - 2*l - 12 = 0. Suppose 2 - 22 = -v. Suppose l*o - f + 6*f - 49 = 0, 0 = 4*f - v. What is the units digit of o?
8
Suppose -3*x + 0*x = -99. Let a = -14 + x. What is the tens digit of a?
1
Suppose 4*z = 2*w - 14, 0 = -w - 2*z + 6*z + 13. Let n(f) = 13*f**3 - 2*f**2 + f. What is the tens digit of n(w)?
1
Let u = -65 + 38. Let j = 38 + u. What is the units digit of j?
1
Let m(n) = -3*n**3 - 5 + 4*n - n**2 + 7*n**3 + 2 - n**2. What is the units digit of m(2)?
9
Let s(l) = 113*l. What is the units digit of s(2)?
6
Let d = -29 + 31. Let f be (-74)/(-8) + (-2)/8. Let m = f - d. What is the units digit of m?
7
Suppose k - 144 = -2*k. Suppose 4*r = -k + 176. Suppose -3*m - y + r = 0, 4*m + y - 2*y = 31. What is the units digit of m?
9
Let p(c) = -c - 5. Let z be (3 + -2)/(2/(-14)). Let n be p(z). Suppose -q - q = -n. What is the units digit of q?
1
Let m(q) = 3*q**3 - 3*q**2 - 8*q - 5. Let k(j) = j**3 + j**2 - j - 1. Let n(b) = -2*k(b) + m(b). Let v be n(6). What is the units digit of (-24)/(-4) + v + 1?
4
Let t be 20/(-12) - 2/6. Let i(v) = -4*v**3 - 2*v**2 + v - 2. What is the tens digit of i(t)?
2
Let n(d) = 3*d**2 + 7*d + 5. What is the tens digit of n(5)?
1
Suppose -4 - 2 = 2*i - 5*z, 2*i + 2*z = 8. Suppose -3*u = -2*s + u - 2, 2*u = i. What is the units digit of s?
1
Let y(w) = -w**2 - 7*w + 5. Let s be y(-6). Suppose -3*u + s = -37. What is the units digit of u?
6
Let f(b) be the first derivative of b**2/2 - 3*b - 1. Let a = 16 - 11. What is the units digit of f(a)?
2
Let u be -10*(-2 + 1)/2. Suppose 2*x = -0*g + u*g + 20, 2*x = -4*g + 2. What is the units digit of x?
5
Suppose -a + 3*o + 35 = 0, -3*a - o + 55 = -0*a. Let l = a + -14. What is the units digit of l?
6
Suppose -d + 2 = 4, -2*n + 4*d + 58 = 0. What is the tens digit of n?
2
Suppose -3*g - o = 3, -3*o + 1 = -4*g - 3. Let u be 0 + (g - -1)/3. Suppose -a + n + 14 = 0, 4*a + a - 3*n - 70 = u. What is the units digit of a?
4
Let v(i) = -i**2 - 6*i + 10. Let j be v(-7). Let p be (-2)/(((-45)/(-20))/(-9)). Suppose j*c - p = -c. What is the units digit of c?
2
Suppose -r = -d + 5 - 0, -d = -4*r - 8. Let v(b) = 2 + 3 - b + 11*b**2 - 6. What is the units digit of v(r)?
1
Let u be 6/(-9) - (-4)/6. What is the units digit of 14 - (-2 - u) - 3?
3
Let l = 2 - -1. Let p(z) = -z**3 - 15*z**2 + 9. Let q be p(-15). Suppose f - q = l. What is the units digit of f?
2
Suppose -4*r - 4*i = 16 - 60, -4*i = -2*r + 28. Let x = r + -6. Suppose x*u = u + 80. What is the tens digit of u?
1
Let n(o) = -2*o**2 - 17*o + 11. Let y be n(-8). Let s = y - 9. What is the units digit of s?
0
Let v = 194 + 83. What is the hundreds digit of v?
2
Let k(c) = -56*c - 2. What is the tens digit of k(-2)?
1
Let b(v) = v**3 + 5*v**2 + 4*v + 4. Let z be b(-3). Let n(g) = -g**3 + 11*g**2 - 6*g - 14. What is the tens digit of n(z)?
2
What is the tens digit of 2 + 121 + 3/3?
2
Suppose -2*g - 3*i + 9 = 0, 0*i - 3*i + 27 = -4*g. Let p be -69*(g/9 + 0). What is the units digit of p/4 + 4/16?
6
Let r = -37 - -61. What is the tens digit of r?
2
What is the units digit of (-3)/(-1 - (-15)/18)?
8
Suppose -u = 3 - 14. Suppose x + 3 = u. What is the units digit of x?
8
Let f be 3/(-1*(-1)/4). Let x = f - 2. What is the units digit of 18/x + 3/15?
2
Suppose -x = -11 - 39. What is the units digit of x?
0
Let l = -256 + 375. What is the units digit of l?
9
Suppose -28 = -2*u - 4*t, 0 = -4*u + u + 3*t - 3. Suppose 3 - 11 = u*o. What is the units digit of (-4 - o)/(4/(-6))?
3
Suppose 4*s + 60 = 2*r - 194, 3*r - 3*s - 369 = 0. What is the units digit of r?
9
Let t be 0 + 2 + (-10)/(-5). Suppose -v - 30 = -5*j, 3*j - 16 - t = v. Suppose -2*i - 44 = -6*i + 4*f, -i = 2*f - j. What is the units digit of i?
9
Let p(a) = 5*a + a**2 - 2 - 5*a**2 + a**3 + 0*a**2. Let u be p(3). Suppose -u*t - 5*j = -85, -j - 4*j + 70 = 3*t. What is the units digit of t?
5
Let c(w) = w**3 + 6*w**2 + 2*w - 4. Let a be c(-5). What is the units digit of (1 - -1)*a/2?
1
Let l(h) be the first derivative of -4*h**3/3 + h**2/2 + 2. Let t be l(-1). Let o(b) = b**2 + 3*b - 6. What is the units digit of o(t)?
4
What is the units digit of (-3 + (-3)/(-15))/((-4)/20)?
4
Let j = -72 - -76. What is the units digit of j?
4
Let d(x) = 10*x**2 + x - 1. Let i be d(1). Let v(z) = -z**3 + 7*z**2 + 3. Let f be v(7). Suppose -f*n + n = -i. What is the units digit of n?
5
Let a = -11 + 15. What is the units digit of a?
4
Let d(y) be the second derivative of y**4/12 - y**2 + 5*y. What is the tens digit of d(-4)?
1
What is the units digit of (-2)/5*(-226 - -1)?
0
Let o(b) = 21*b + 25. What is the units digit of o(3)?
8
Suppose 0 = 5*x - 5*a - 75, 3*x + 4*a = -0*x + 59. Suppose 4*o - 7 - x = 0. What is the units digit of o?
6
What is the tens digit of (((-34)/(-8))/1)/((-1)/(-16))?
6
Let k = 19 + -78. What is the tens digit of 2/8 - k/4?
1
Let o(v) = 2 + 0*v**2 + 1 - 2*v + 2*v**2 - 4. Let n be o(-1). Let f = -2 + n. What is the units digit of f?
1
Let l(o) = o**2 - 4*o - 6. Let f be l(5). What is the units digit of 8 + -2 - (2 - f)?
3
Suppose -17 = -2*y - w, 4*w + 0*w + 36 = 5*y. Suppose 0 = p - y. What is the tens digit of (-200)/(-14) + p/(-28)?
1
Let a be 119/9 - 6/27. Let i = 19 + a. What is the units digit of i?
2
Let p(x) = 2*x**2 + 5*x - 2. What is the tens digit of p(-5)?
2
Let c(y) = y**2 + y + 6. Suppose h + 2*h = -15. What is the units digit of c(h)?
6
Let s be 2/(((-4)/(-2))/2). Suppose 0 = -5*n + 2*o + 45, -2*n + 3*o + s*o = 3. What is the units digit of n?
1
Suppose 2*k - 7 = -19. What is the units digit of ((-2)/k)/((-2)/(-18))?
3
Let d(f) = 2*f**2 + 2*f - 2. Let b be d(-2). What is the units digit of 3/b*(-8)/(-12)?
1
Suppose -2*y = -4*u + 130, -2*u + 115 = y + 40. What is the tens digit of u?
3
Suppose 3*t + 1 + 14 = 0. What is the tens digit of (-124)/(-10) + 2/t?
1
Let h(p) = 6*p - 2*p + 0 + 0. What is the units digit of h(9)?
6
Let k(t) = 2*t + 48. Suppose -l = -4*l. What is the tens digit of k(l)?
4
Let u(a) = -a + 2. Let d(t) = 3*t - t + t - 6. Let f(x) = -3*d(x) - 8*u(x). What is the units digit of f(0)?
2
Suppose 0 = t - 7 + 1. Suppose 5*f = 196 - t. What is the tens digit of f?
3
Suppose 2*l + 2*a - 4*a - 138 = 0, a + 349 = 5*l. What is the tens digit of l?
7
Suppose 3 = -3*j + 3*q, 4*j - 5 - 12 = -3*q. Suppose -3*u + 20 = u. Suppose 3*t - 30 = -u*z, z + j*z - 5*t = 52. What is the units digit of z?
9
Let o = 36 - -90. What is the units digit of o?
6
Let j(o) = -2*o**2 - 5*o + 1. Let q be j(-4). Let v(s) = s**3 + 11*s**2 - 2*s - 6. What is the units digit of v(q)?
6
Let k be 2/(1 - 369/375). Suppose 6*z = z + k. Suppose -3*d - z = -8*d. What is the units digit of d?
5
Let q be (-1 + -2)*(-8)/(-12). Let z be 18*q/(-4) + 0. What is the units digit of z + 1/3*0?
9
Let l(f) = -3*f**3 - f**2 + f + 1. Let b be l(-1). Suppose 0 = i + b*i - 84. What is the tens digit of i?
2
What is the tens digit of (-3)/(3 + (-33)/10)?
1
Let j = 5 - 5. Suppose j*s = s - 4. Suppose h = 2*h - s. What is the units digit of h?
4
Suppose y - 2*v + 5*v = -2, 3*v - 18 = -3*y. What is the units digit of (10/4)/(5/y)?
5
Let t = -60 + 38. Suppose -g - g = -84. Let k = g + t. What is the units digit of k?
0
What is